*y + 1. Give d(a).
-4
Let t(l) = -l**2 + l - 2. Let y be -4 + (1 - -6) - -22. Suppose -21*w = -y*w. Determine t(w).
-2
Suppose -8*h - 16 = -4*z - 10*h, h + 1 = z. Let m(d) = -4*d + 3. Determine m(z).
-9
Let p(a) be the third derivative of -a**5/60 + 7*a**4/24 + a**3/6 + 38*a**2 + 2. What is p(5)?
11
Let k(g) be the second derivative of -g**4/12 - 3*g**3/2 - 5*g**2/2 - 2*g + 15. What is k(-7)?
9
Let x(i) = i**3 - i**2 + 7*i + 6. Let f be x(0). Let w(l) = 5*l - 9. What is w(f)?
21
Let q(n) = -n**2 - 5*n + 57. Let r be q(-11). Let u(c) = -c**3 - 10*c**2 - 8*c + 9. Determine u(r).
0
Let m(z) be the third derivative of -z**4/24 - 11*z**3/6 - 125*z**2. Calculate m(-10).
-1
Let o = -48 + 31. Let v be (-2)/o - (-30)/34. Let x(z) = -12*z + 9*z**2 + 12*z. Give x(v).
9
Let d(n) = 10*n**3 + 8*n**2 + 8*n - 9. Let i(y) = 3*y**3 - 3*y**2 - 29*y - 3 + 32*y + 6*y**2. Let f(b) = 2*d(b) - 7*i(b). Calculate f(-4).
7
Let r be (15/(-5))/(3/(-2)). Let b(l) = -l**3 + 5 - l**r + 18*l + 6 - 6*l**2 - 8*l. Determine b(-8).
-5
Let v(n) = 2*n**3 + 11*n**2 + n + 29. Let u be v(-6). Let o(c) = c**3 + 14*c**2 + 11*c - 1. Give o(u).
25
Let i(m) be the second derivative of -m**7/840 + m**6/60 + m**5/120 + m**4/6 - 3*m**3 - 9*m. Let f(k) be the second derivative of i(k). Determine f(6).
10
Let z be 12/(3 + 2/((-16)/12)). Let f = z - 12. Let v(r) = -r**3 - 6*r**2 - 5*r + 2. What is v(f)?
-10
Let s be 6 - 12/4 - (5 - 4). Let k(v) = 666 + 7*v + 2*v**2 - 671 - v**s. Give k(-6).
-11
Let p(j) be the third derivative of -3*j**8/2240 + j**6/360 + j**5/120 - j**4/3 - 17*j**2. Let m(d) be the second derivative of p(d). What is m(-1)?
8
Suppose 5*g + 0*g = -5. Let t be 5/(-2)*(g + -1). Let y(k) = t - 2*k + 2*k - k. What is y(3)?
2
Let w(r) = -685 + 2*r**2 + 339 + 345 - 38*r**3. Calculate w(1).
-37
Let b be 0/((0 - -2)/2). Let x be (0 - (1 + b))*-7. Suppose 5*z - 5*s = -25, -x = z - 2*z - 5*s. Let y(o) = -o**3 - 4*o**2 - 3*o - 4. Calculate y(z).
-4
Let z(s) = -7*s - 16. Let i(p) = -2*p + 3. Let y(b) = 3*i(b) - z(b). Calculate y(-12).
13
Let a be (-1)/(-2) - 1/(-2). Let k(m) = 55*m**2 - 44*m + 44. Let n(l) = 8*l**2 - 6*l + 6. Let x(y) = -3*k(y) + 22*n(y). Give x(a).
11
Let z be ((-2)/(3 - -1))/((-5)/130). Let k(b) = b**3 - 14*b**2 + 13*b. Give k(z).
0
Suppose -1 + 0 = n. Let b = -2 - n. Let h(k) = 7*k**2 + k + 1. Calculate h(b).
7
Let x be (-2)/3*9/(-2). Let j(l) = 13 + x - l + 0. Give j(0).
16
Let c(n) = -n**2 - 7*n + 12. Let x be c(-11). Let f = x - -35. Let m(p) = 3*p - 3. Determine m(f).
6
Let x(s) = 2*s**2 + 1. Let h be x(1). Suppose -h*o + 4*o = -5*d - 12, 5*d + 4*o + 3 = 0. Let w(l) = -l - 2. Determine w(d).
1
Suppose -5*t + 54 = 4*a, -5*a + 7*t - 2*t = -45. Suppose 9 = a*i - 24. Let o(s) = -s**2 + 6*s - 4. Determine o(i).
5
Let n = 4 - -2. Suppose -2*j - n = j. Let v(o) be the third derivative of o**4/8 + o**3/2 + 9*o**2. Give v(j).
-3
Let p = 316 - 324. Let q(u) = -u - 7. What is q(p)?
1
Suppose -2 = 2*x - 2*a, 6*x - 4*x = -2*a + 6. Let p(n) = -12*n**2 + 2. Calculate p(x).
-10
Suppose 25 - 1 = 2*p. Let t = -9 + p. Let h(m) = 0*m**3 + 3*m + 5*m**t - 2*m - 2*m**3. What is h(-1)?
-4
Let t(o) = 2 - 320*o - 308*o + 627*o - 3*o**2. Give t(-2).
-8
Let t(g) = g**3 - 6*g**2 - 5. Suppose 12 = 6*m - 18. Let n(o) = -o**2 + 4*o + 11. Let v be n(m). What is t(v)?
-5
Let t(w) = 2*w - 5. Let f be 12/5 + -2 + (-4)/10. Suppose h - 2*y + f = -2, 5*h + y = 23. Calculate t(h).
3
Let h be -2 + 0/2 + 6. Let y be (-2)/(16/9 + -2). Suppose -2*x + 3 = -2*n - y, -x = h*n + 14. Let m(f) = -7*f + 3. Determine m(x).
-11
Let r be -1*2*3/(-1). Let u(k) = -k**3 + 7*k**2 - 7*k - 1. Let c(v) = -v**3 + 7*v**2 - 7*v. Let s(t) = -6*c(t) + 7*u(t). Determine s(r).
-13
Let b(x) be the third derivative of -x**4/24 + x**3/6 + 97*x**2. Let i be (2 - 3)*(-6)/2. Give b(i).
-2
Let p(o) be the third derivative of -o**4/24 + 54*o**2. Let f = 13 - 10. Suppose -f = -5*r + 2. Give p(r).
-1
Let g(i) = 4*i**2 - 7*i + 9. Let t(y) = -y**2 - 1. Let z = -6 - -3. Let s(r) = z*t(r) - g(r). Let m be 1 + -1 + (-5)/(-15)*15. What is s(m)?
4
Let j(v) be the first derivative of -3*v**2 + v + 4. Let c = -9 + 10. Suppose y = -o + c, o + 3 = y + 8. Calculate j(y).
13
Let i be (-2)/7 - (-19)/(-7). Let l = i - -9. Let r(n) = -n**3 + 1. Let x(w) = -2*w**3 + 6*w**2 + 2*w - 8. Let z(k) = -r(k) + x(k). Determine z(l).
3
Let o(f) = f**3 + 4*f**2 - 7*f - 7. Let j = -57 - -287. Let i be j/(-40) - (-3)/4. Give o(i).
3
Suppose 3*z + 4*y - 110 = 85, -60 = -z - 3*y. Let c = -73 + z. Let f(t) = 2*t + 1. Give f(c).
-7
Let h(y) = -y + 3 + 6*y + 0*y. Let u be h(-2). Let t = 11 + u. Let o(k) = 2*k**2 - 7*k + 4. Give o(t).
8
Let z(l) be the first derivative of -l - 6. Let k(s) = s - 6. Let g(d) = 2*k(d) - 11*z(d). Determine g(1).
1
Let q be 6 - 4 - (-1 + 2). Let i be 0/((q - 0)/(-1)). Let h be 5*-1*(-1 + i). Let d(a) = a**2 - 6*a + 1. What is d(h)?
-4
Suppose 15*h = 23*h + 104. Let j(l) = 2*l**2 + 25*l - 7. Let r be j(h). Let w(x) = x**3 - 5*x**2 - 6*x + 4. Give w(r).
4
Let h(c) be the third derivative of -c**8/20160 + c**7/560 - c**6/120 - 17*c**5/60 + 17*c**2. Let n(u) be the third derivative of h(u). Calculate n(4).
14
Let m be -3 + (-3)/((-3)/(-1)). Let r(t) = t + 8. Let y be r(m). Let q(f) = -2*f**2 + 3*f - 5*f + y*f. Calculate q(-2).
-12
Let n = -29 - -47. Suppose 0 = 5*l - n - 7. Let g(f) = 7 + 3*f**2 - 3*f - 7 - 2*f**2. Give g(l).
10
Let f be (-104)/(-26)*1/4. Let t(n) = 33*n**2 - 1. Determine t(f).
32
Let o(w) = -3*w**3 + 10*w**2 + 21*w. Let m(x) = -2*x**3 + 10*x**2 + 20*x + 1. Let v(u) = 4*m(u) - 3*o(u). Give v(-8).
-4
Let p(k) = -k + 1. Let y(c) = 4*c. Let f(u) = -3*p(u) - y(u). Give f(-11).
8
Let y(c) = -c + 1. Suppose -d - 49 = 5*z - 2*d, 5*z + 3*d + 53 = 0. Let q = z + 19. Determine y(q).
-8
Let m(b) = -b**2 - 14*b + 7. Let o(f) = -3*f**2 + 59*f + 5. Let i be o(20). Determine m(i).
-8
Let s(f) = 2*f - 2*f + f - 2*f - 14*f**2. Let m be 2/3*96/(-64). Give s(m).
-13
Suppose -5*o = 3*w + 28, -3*w + 0*o = 3*o + 18. Let y(q) = 4*q + 1. Give y(w).
-3
Suppose 3*f - 10*f + 105 = 0. Let h(u) = 3 + 8*u + f*u - 22*u. Determine h(3).
6
Let a = 15 - 18. Let o(v) be the third derivative of 5/6*v**3 + 1/24*v**4 + 0*v + 0 - 4*v**2. Calculate o(a).
2
Let h = 5 + -11. Let k(j) = -j**3 + 6*j**2 - 3 - 2*j**3 + 7 + 4*j**3. Give k(h).
4
Let t(s) be the third derivative of -2*s**2 + 0 + 0*s - 1/24*s**4 - 1/20*s**5 + 0*s**3. What is t(-1)?
-2
Let c(v) = -2*v**2 - 3*v - 5. Let i(m) = 4*m**2 + 6*m + 11. Let n(g) = -7*c(g) - 3*i(g). Suppose -22 = -5*r - 7. Suppose 0 = -2*p - r - 1. Calculate n(p).
4
Let j(k) = -2*k**2 - 1. Let p = -143 - -145. Let c(b) = b - 1. Let i be c(6). Suppose 1 = p*l - 2*v + i, 2*l = -2*v. Give j(l).
-3
Let l(j) be the second derivative of -j**4/2 - j**3/6 + 180*j. Give l(1).
-7
Suppose 11 = 5*j - 2*y, 0 = -y + 3 - 1. Let p(g) = g**2 - 8. Let r be p(j). Let c(z) = -z - 1. What is c(r)?
-2
Let i(m) = -20*m**2 + m - 1. Let r(u) = 2*u**3 + 2 - 5*u - 2*u**2 + u**2 + 3*u. Let q be r(1). Give i(q).
-20
Suppose -w - 2*t + 11 = -4*t, -4*w - 4*t = 16. Let l(q) be the second derivative of -7/6*q**4 + 3*q - 1/2*q**2 + 1/6*q**3 + 0. What is l(w)?
-14
Let l = 505 + -511. Let x(g) be the second derivative of -5/6*g**3 - 1/12*g**4 - 3*g + 0 + 2*g**2. Give x(l).
-2
Let v(d) be the first derivative of -18 - 2*d - 1/2*d**2. Let x(q) = -q**3 + 2*q**2 - 2*q + 3. Let k be x(2). Give v(k).
-1
Let d be (-44)/66 - 43/(-6). Let f(p) be the first derivative of -7 - p + d*p**2. Calculate f(1).
12
Let y(f) = -f**2 + 8*f + 7. Let i = -1306 - -1315. Calculate y(i).
-2
Let u(a) be the second derivative of a**4/12 - 7*a**3/6 + 3*a**2 + 2*a. Suppose 4*f = -2*n + 32, -7 = 3*n + 3*f - 8*f. Determine u(n).
0
Let t(p) = 2*p + 14. Suppose -3*b - 10 = -4*i, 37 = -4*b - 4*i - 23. Give t(b).
-6
Let r(p) = -p**2 - 7*p + 6. Let b(w) = w**2 + 10*w + 19. Let t be (-44)/8 - (6/4)/(-3). Let a be b(t). Give r(a).
12
Let j = 2 - -1. Let q(g) = -8*g + g + 2*g**2 - 3*g**2 + j. Suppose a - 5 + 0 = -3*f, 0 = f - 4. What is q(a)?
3
Let l(h) = -h + 3. Suppose 4 = 2*t, 4*a + 0*a - 46 = -3*t. Let z = 14 - a. Determine l(z).
-1
Let a(s) be the first derivative of -s**2/2 - 3*s - 27. Let x(l) = -2*l + 2. Suppose 4*v = 2*h - 4, 3*h - 7*h = -3*v - 8. Let m be x(h). Give a(m).
-1
Let i(r) = -r**2 + 5*r - 7. Let g